se 4*a + 166 = 2*q, -4*q - 5*a - 400 = -9*q. Suppose -6*g - 5*g + q = 0. Let v(t) = 2*t + 1. Calculate v(g).
15
Let o(v) = -v**2 + 17*v + 2. Let m be o(6). Let r = m + -62. Let g(p) = -62*p + r - 56*p + 117*p. What is g(0)?
6
Let q(m) = -m**2 + 15*m - 6. Suppose 0 = -3*d - 3*y + 30, -36*d + 5*y = -40*d + 42. What is q(d)?
50
Let c be (-2 - (-6)/3) + -5. Let f(w) be the second derivative of w**4/12 - 2*w**3/3 - 6*w**2 + 36*w. Let p(m) be the first derivative of f(m). Calculate p(c).
-14
Let i be (3/9)/(4706/234 - 20). Let m(d) be the third derivative of 0*d + 18*d**2 + 0 - 1/2*d**i - 1/4*d**4. What is m(-2)?
9
Let j(u) = 6*u - 16. Let g(d) = d**2 - 46*d + 308. Let m be g(8). What is j(m)?
8
Let y(b) = b**2 - 3. Suppose 5*o + 3 = a - 2, 0 = 4*o - 2*a + 10. Suppose 9*d = -o*d + 27. Calculate y(d).
6
Let h(v) = -v**3 - 2*v**2 + v - 1. Let d = -152 - -190. Suppose -3*y = -2*i - y + 8, -5*i - 4*y = -d. Let n be -2 + (-10)/i - (-2)/(-6). Determine h(n).
27
Let p(w) = -w - 1. Suppose 5 = -5*u, 31*u - 26*u - 7 = -2*a. Let y(o) = -10*o + 1. Let m(k) = a*p(k) - y(k). Calculate m(3).
5
Let l(f) be the second derivative of 2*f**2 - 1/3*f**3 - 2 - 6*f. Let r = 3 + -9. Give l(r).
16
Let w(d) = -d**3 - 4*d**2 - 3*d - 4. Let b be w(-3). Let j(f) = 64*f + 111. Let z(x) = 15*x + 26. Let o(n) = -j(n) + 4*z(n). Calculate o(b).
9
Let h(x) = -x**3 + 19*x**2 - 15*x + 32. Let o(a) = -2*a**3 + 42*a**2 - 31*a + 73. Let k(m) = 5*h(m) - 2*o(m). Give k(10).
-16
Let y(g) = g**2 + 29*g + 81. Let n be (52/(-3))/((-2)/(-3)). Let k be y(n). Suppose -2 - 19 = -k*l. Let s(o) = -o**2 + 7*o - 3. Calculate s(l).
-3
Let c = 494 - 521. Let l be (-148)/(-18) - (264/c + 10). Let h(b) = -b - 6. What is h(l)?
-14
Let z be ((-2232)/(-837))/((-1)/(1/((-2)/(-9)))). Let p(a) = -a - 39. Determine p(z).
-27
Suppose 2*y + 4*c = 344, -3*y + 258 = -5*c - 214. Let k(j) = y*j**3 - 26 - 163*j**3 + 2*j**2 - j - j**2. Determine k(0).
-26
Let u(b) = -3*b**3 - 3*b**2 + 15*b - 32. Let z(d) = -7*d**3 - 4*d**2 + 30*d - 65. Let q(h) = 5*u(h) - 2*z(h). Let r be q(-9). Let a(m) = 2*m + 2. What is a(r)?
-4
Let r(k) = -26. Let y(c) = c - 17. Let a(f) = -2*r(f) + 3*y(f). Suppose 0 = -4*n - 12, -3*i + 8 = i - 4*n. Let g = i - -3. Determine a(g).
7
Let c(p) = -43*p. Suppose 23*l - 143 + 18 + 79 = 0. Determine c(l).
-86
Let c(b) = 2*b + 46. Let v(t) = 87*t + 274. Let w(s) = 6*c(s) - v(s). Calculate w(-1).
77
Let i(l) = 12 + 1000*l**2 - 1001*l**2 + 1 + 7*l + 11 + 4*l. Give i(13).
-2
Let v(y) = -13*y**2 + 2*y**2 + 9*y**2 + 20 + 3*y**2 + 9*y + 5. Give v(-6).
7
Suppose 0 = 28*w - 1994 - 386. Suppose 12*p = -5*p - w. Let g(r) = r**3 + 5*r**2 - 6*r + 6. Calculate g(p).
36
Suppose -16*g = -21*g + 10. Suppose -5*y + w + 3 = 0, g*w - 6*w = 12. Suppose -7*v = -y*v - 7. Let x(f) = -11*f**2. Calculate x(v).
-11
Let t = -409 - -420. Let b(a) = 5*a**2 - 15*a + 7*a**2 + 7 + 5 - t*a**2 + 4*a. Calculate b(8).
-12
Let o(n) be the third derivative of n**6/360 + 7*n**5/120 - n**4/24 + 161*n**3/6 - n**2 - 1. Let b(s) be the first derivative of o(s). What is b(-5)?
-11
Let s(g) be the second derivative of -g**5/20 - g**4/4 + g**3/3 - 3*g**2/2 + 6*g. Let p = -111 + 125. Suppose -z + 0*z + 6 = 2*c, z = 2*c - p. Calculate s(z).
5
Let o(w) = -12*w + 232. Suppose 6*a + 380 = 13*a + 12*a. Give o(a).
-8
Let v = 458 + -454. Let x(w) = w**2 - w - 7. Give x(v).
5
Let c(i) = i**3 - 6*i**2 - 9*i - 4. Let u(q) be the second derivative of q**5/20 - 3*q**4/4 - 7*q**3/6 - 23*q**2/2 + 107*q. Let f be u(10). Give c(f).
-18
Let f(k) = 2*k + 6. Let l(u) = -u + 1. Suppose 0 = n + 3, 9*c + 132 = 4*c + n. Let g = c - -33. Let x be l(g). Give f(x).
-4
Suppose 69*w - 25872 = 21*w. Let d = -534 + w. Let m(l) = 3*l + 7. Calculate m(d).
22
Let i(w) = w**2 + 6*w - 1. Let z be (-4)/(-6)*(210/5)/(-7). Let y(q) = 18*q + 0 + 1 + 3*q**2 + 0*q**2 - 5. Let x(o) = z*y(o) + 11*i(o). Give x(-6).
5
Suppose -752 + 743 = -v. Let r(h) = -10*h + 17. Calculate r(v).
-73
Suppose 0*g + 12 = 2*l + g, 5*g - 32 = -3*l. Suppose l*h - 3 = 5. Suppose 12 = 4*f - 4*u, u + 5 = 5*f + h. Let v(m) = m**2 + 7. Calculate v(f).
7
Let x(l) = -l**3 + 4*l**2 + l + 1. Let w be x(4). Suppose w*s + 25 + 5 = -2*a, 2*s + 21 = a. Let r = s + 5. Let b(f) = -f**2 - 4*f - 3. Determine b(r).
0
Let l be (0/2)/(209/19). Let a(w) = -w + 16. What is a(l)?
16
Let y(a) = -7*a + 100. Let x be y(14). Let c(i) = 0*i**x - 5*i + 4*i**2 - i - 1 + 2*i - i**2. Calculate c(4).
31
Let m(u) = 14*u + 322. Let p(q) = 5*q + 114. Let i(o) = -6*m(o) + 17*p(o). What is i(1)?
7
Let p be -14 + (-49)/(-7) + (-2 - -6). Let n be p/2*-8*(-7)/(-21). Let w(q) = -5*q + 5. Determine w(n).
-15
Let i(m) = -8*m + 267. Suppose 928 = 48*c - 19*c. Determine i(c).
11
Let v be (6 + (-192)/33)/((-46)/(-506)). Let m(q) = -2*q**3 + 8*q**2 - 16*q - 3. Determine m(v).
-19
Let t = -48 - -50. Suppose -t*q = -4 - 4. Let r(i) = -5*i - i**2 + 3 + 6*i + q*i + 2. What is r(4)?
9
Let f(x) = 72*x**2 + 12*x + 17. Let l(n) = 31*n**2 + 6*n + 6. Let q(m) = -3*f(m) + 7*l(m). Let p(w) = w**3 + 1. Let a be p(-2). What is q(a)?
-2
Let x(s) = 25742 + 6*s + 4*s - 25737. Determine x(-5).
-45
Let s(u) = -17*u**3 + 32*u**2 - 29*u - 36. Let o(f) = -15*f**3 + 31*f**2 - 26*f - 37. Let t(x) = 9*o(x) - 8*s(x). Determine t(-23).
1
Let r(g) be the first derivative of g**4/24 + g**3/6 + g**2 - 34*g + 91. Let y(m) be the second derivative of r(m). Calculate y(9).
10
Let g(a) = 10*a + 45. Let k be g(-12). Let q = 61 + k. Let b(i) = i + 19. What is b(q)?
5
Suppose 0 = 2*f - 4 - 8. Suppose f*d = d + 30. Let j(y) be the first derivative of y**3/3 - 7*y**2/2 - 4*y + 9403. Calculate j(d).
-10
Let f be (-7)/(-28) - (-19)/4. Let n(y) = y**3 - y**2 + 2*y. Let b(k) = -4*k**3 + 2*k**2 - 18*k + 5. Let w(u) = -b(u) - 5*n(u). What is w(f)?
-15
Let p(j) = j**2 - 8*j - 58. Let h be (-134)/(-10) + ((-841)/1015 - 3/(-7)). Calculate p(h).
7
Let z(b) = b**2 + 5*b - 14. Let a be z(-7). Let o = a + 0. Suppose -4*s - p + 13 = o, -1 = -4*s - 3*p + 6. Let u(k) = k**3 - 5*k**2 + 4*k - 1. Calculate u(s).
-1
Suppose -37 = -0*m + m. Let y = m + 37. Suppose y = 4*x - 7*x + 18. Let a(f) = -f**2 + 5*f + 6. Give a(x).
0
Let b be (6608/26 - -2) + 6/(-39). Let n be (b/(-12))/(-4) + 2/3. Let d be (5/(-2))/((-3)/n). Let l(y) = 2*y + 5. Determine l(d).
15
Let h(y) be the first derivative of 47*y**2/2 - 318*y - 6486. Determine h(7).
11
Let g be (-7)/3 - (-4)/12. Let m(z) be the second derivative of z**4/8 + z**3/2 + z**2/2 + 22*z. Let q(t) be the first derivative of m(t). Determine q(g).
-3
Let q(v) = v**3 - 6*v**2 - 5*v - 2. Let j = 122 + -84. Suppose -38 + j = a. Suppose a = -86*h + 89*h - 21. Give q(h).
12
Let w(g) be the second derivative of -g**6/60 + g**5/30 - g**3/6 - 2*g**2 - g + 54. Let o(f) be the first derivative of w(f). Give o(1).
-1
Let h(i) = -i**2 + 17*i - 6. Let y(k) = k**2 + 20*k - 59. Let f be y(-23). Determine h(f).
64
Let i(f) = -2*f**2 - 8*f - 5. Let l = 127 - 122. Let m(x) = x**2 + 5*x + 3. Let d(h) = l*m(h) + 3*i(h). Give d(-3).
-12
Suppose 3*l - 18 = 2*m, 3 = -2*l - 4*m - 1. Suppose v = -3*z - 17, -l*v - 1 = -z - 24. Let p(b) = b - 1. Give p(z).
-8
Let u(r) be the first derivative of -11*r**3/3 - r - 20382. Let x be -2 - (0 - (-1 + 2)). Determine u(x).
-12
Let j(v) = 9*v + 19. Let c(u) = -2*u - 4. Let z(i) = -11*c(i) - 3*j(i). Calculate z(-7).
22
Let t(o) = -o**3 - 32*o**2 - o - 30. Let v be t(-32). Let q(s) = s**v + 1322 - 1307 - 3*s + 15*s. Calculate q(-10).
-5
Let m(i) = 5*i**2 - 77*i**2 + 2 + 73*i**2 + 4*i**2. Give m(-2).
22
Let n(r) be the first derivative of r**4/2 - 8*r**3/3 - 3*r**2/2 - 2*r + 1778. Determine n(4).
-14
Let w(x) be the third derivative of 7*x**4/24 - 11*x**3 + 312*x**2 - 2*x. What is w(8)?
-10
Let g(k) = 10*k**2 - 2*k - 1. Let q be 4088/(-584) + (-20)/6*24/(-10). Calculate g(q).
7
Let o be (-10 + (-368)/(-32))*-2. Let m(f) = f**3 + f**2 + 3*f + 7. What is m(o)?
-20
Let s(l) = -7 + 7*l**3 + 2 + 2 - 5 - 6*l**3 + 2*l**2. Give s(3).
37
Let v(r) = 3*r - 3. Let i(m) = 2*m - 3. Let b(z) = 5*i(z) - 4*v(z). Let w = -12 - -14. Suppose 5*a = -2*y + 7*y + 10, 2*a = -w. Determine b(y).
3
Let l(p) = 3*p + 3. Let v be 99/24 + 81/(-648). Calculate l(v).
15
Let l(q) = -6*q - 2. Let y(f) = -2*f + 90*f**2 + 4*f + f**3 - 41 - 109*f**2. Let x be y(19). Give l(x).
16
Let g = 0 + 1. Suppose -b +